-136). What is the greatest common factor of o and 2021?
47
Let c(w) = -3*w - 2. Let u be c(3). Let p = u - -56. Suppose 5*m - m - 30 = 2*a, 3*a = -15. What is the highest common divisor of m and p?
5
Suppose 3453 = -1295*u + 1292*u. Let g = u - -1620. Calculate the highest common factor of g and 134.
67
Let g = -8021 + 8126. Calculate the greatest common divisor of 399 and g.
21
Let t(p) = 170*p + 1140. Let i be t(-5). What is the highest common divisor of 1595 and i?
145
Let d be -2*(-4)/(-24) + (-21)/(-9). Suppose 2*t = -5*o + 2028, o + d*t + 814 = 3*o. Calculate the greatest common factor of 58 and o.
58
Let m be (7/2)/((-26)/52) - -28. What is the highest common factor of 952 and m?
7
Let z be (-57 - -58)*23*7. Calculate the highest common factor of 2323 and z.
23
Suppose -392*y + 756*y - 4732 = 0. Suppose g - 4*g + 9 = 0. Suppose 2*b - 145 = -m, -m = -g*m - 5*b + 291. Calculate the highest common factor of y and m.
13
Suppose 2*r = -2*r + 20. Suppose -y = r*o - 13 + 1, -4*y + o + 6 = 0. Suppose -y*h + 8 = 2*h. What is the greatest common divisor of 2 and h?
2
Suppose 0 = -3*y + 3*k - 7*k + 111, 4*y = 4*k + 148. Suppose b - y = -5*j, 0*j - j = -1. Calculate the highest common divisor of b and 4.
4
Suppose -80*o + 76*o = -5*d + 266, 4*o - 274 = -5*d. Calculate the highest common divisor of d and 6750.
54
Suppose 0 = 5*h - a - 286, h + 1121*a - 46 = 1124*a. Calculate the highest common divisor of h and 3161.
29
Suppose 22*h = 25*h + 186. Let s = h + 72. What is the highest common factor of 45 and s?
5
Let p be (-1 + 1)*(5 + (-336)/70). Suppose -7*r + 4*r = 5*t - 437, p = 4*t + 3*r - 352. What is the highest common divisor of 5 and t?
5
Suppose 4*c - 5*v - 70 = -3*v, 4*v + 60 = 3*c. Suppose -2*k - c*k = -648. What is the highest common factor of k and 12?
12
Suppose 2*j + 7*a - 211 + 153 = 0, 2*j + 22 = 3*a. Calculate the highest common divisor of 88 and j.
1
Suppose -2*l + 25 = 5*m + 7, -2*l + 6 = 2*m. Let d = m - -32. Let g(b) = b**3 - 5*b**2 + 9*b - 12. Let o be g(8). What is the greatest common factor of o and d?
36
Let q(n) = n**3 + 10*n**2 + n + 22. Let x be q(-10). Let y be ((-5)/2)/((102/x)/(-17)). What is the highest common divisor of 25 and y?
5
Let i(x) = 16*x**2 - 6*x - 6 - 43*x**2 + 6*x**2 - x**3 - 6 + 14*x**2. Let r be i(-7). Calculate the greatest common factor of r and 12.
6
Let c(d) = d**2 - 111*d + 1200. Let u be c(12). Let w(i) = -i**2 - 10*i + 11. Let g be w(-10). Let j = -5 + g. What is the greatest common factor of j and u?
6
Let f = -23158 - -23251. What is the highest common divisor of 1519 and f?
31
Suppose 0 = -2*v - 10, -b = 5*v + 24 - 2. Suppose 5*o - 320 = -5*t, -b*t = -18 + 6. What is the greatest common factor of 420 and o?
60
Let g = 60999 + -60922. Let h(y) = y**2 - 5*y - 7. Let m be h(7). What is the greatest common divisor of m and g?
7
Let n be -1 - ((35*-2)/5 - 5). Suppose n*d + 3 = 21*d. What is the highest common divisor of d and 1?
1
Let s(i) = 2*i**2 - 5*i. Let l be s(5). Let d be (1788/36 + -8)*12/10. What is the greatest common factor of d and l?
25
Suppose 72*d = 991 + 305. Calculate the highest common factor of 942 and d.
6
Let q(z) = z**3 + 8*z**2. Let s be q(-8). Suppose -4*h + 3*n + 162 = s, 2 = 5*n - 4*n. Calculate the highest common factor of h and 6.
6
Let j = -18750 + 24190. Calculate the highest common factor of 238 and j.
34
Let w(i) = -34*i - 4590. Let b be w(-144). Calculate the greatest common factor of 198 and b.
18
Let q = -3 + 11. Let m(c) = 10*c - 45. Let j be m(10). Let a be (-2)/(-44)*-4 + 5730/j. Calculate the greatest common divisor of q and a.
8
Let z(m) = m**3 + 20*m**2 + 3*m + 75. Let s(a) = -5*a**2 + 2*a - 4. Let n be s(2). Let x be z(n). Calculate the greatest common divisor of x and 105.
15
Let c = -3626 + 3654. Calculate the highest common divisor of 16 and c.
4
Suppose 48*x - 575 + 47 = 0. Let k be 5391/45 + (-2 - x/(-5)). What is the greatest common divisor of 90 and k?
30
Suppose -38 = -40*w + 39*w. Suppose 90 = w*y - 43*y. Let a be (y/(-21))/(3/42). Calculate the greatest common divisor of a and 60.
12
Let r be (-1 - -3)*(-12)/(-24). Suppose -3*c = 4*u - r, -4*c - u + 5 + 5 = 0. Let m be -2 + (c + 3)*39. Calculate the greatest common divisor of m and 29.
29
Let g be (18200/125)/((-2)/(-10)). Let u = g - 516. Let a be u + -2*3/(-2). What is the highest common factor of a and 86?
43
Let j(g) = -g**3 - 45*g**2 - 167*g - 35. Let z be j(-41). Calculate the greatest common factor of z and 11.
11
Let l(c) = 34 + 14*c - 97 + 31 + 28. Let o be l(1). What is the highest common divisor of o and 290?
10
Suppose -2*h + 41 = -l - 100, -5*l + 15 = 0. Let o be h/60 + 374/5. Calculate the highest common divisor of o and 190.
38
Suppose g = 7*r + 183, -624 = -12*g + 9*g - 4*r. Let z = -15 - -27. What is the highest common factor of z and g?
12
Let i(j) = -249*j - 2202. Let l be i(-10). What is the greatest common factor of 1 and l?
1
Let i(n) = -3*n + 14. Let x(a) = 1. Let l(y) = -i(y) + 2*x(y). Let h be l(-21). Let v = h - -125. What is the highest common factor of v and 100?
50
Let q(a) be the third derivative of a**5/20 + a**4/24 + a**3 - 14*a**2 + 1. Let y be q(5). Calculate the highest common factor of y and 215.
43
Let u be 1470/18 + (-40)/60. Suppose 2*h - 2*a = 90 - 10, 3*h + a - 140 = 0. What is the greatest common divisor of h and u?
9
Suppose 0 = -4*n - 16, 5*z = 6*n - 2*n + 166. Let t(q) = 495*q**3 + 4*q**2 + 11*q - 15. Let a be t(1). What is the highest common divisor of z and a?
15
Suppose 2 = -z - 33. Let g = -73 - z. Let a be g*4/(-8) - -2. Calculate the highest common factor of 21 and a.
21
Let m(z) = 941*z + 20. Let y be m(5). Suppose -40*d = -19*d - y. What is the greatest common factor of 135 and d?
45
Suppose -158288 = -9524*v + 9516*v. What is the greatest common divisor of 26 and v?
26
Suppose 122*f - 104*f - 10963 - 3455 = 0. Calculate the greatest common divisor of 9 and f.
9
Suppose 23*f - 11667 - 8836 = -2*d, -3*f = -27. Calculate the highest common factor of d and 172.
172
Let i(k) = -2*k + 24. Let h be i(3). Let p(a) = 4*a**2 + 3*a - 1. Let u be p(2). Suppose 120 = u*r - h*r. Calculate the greatest common factor of 320 and r.
40
Suppose 18*j - 9168 = -420. Let t = -474 + j. Calculate the highest common divisor of 44 and t.
4
Suppose 4*t = 224 + 88. Let o be (860/86)/(10/12). What is the greatest common factor of o and t?
6
Let z be -2 + ((-3)/2)/(6/304). Let s be 39/z + (-131)/(-2). What is the highest common factor of s and 26?
13
Suppose 0 = -67*v + 33313 + 160317. What is the highest common divisor of v and 510?
170
Suppose 3*q + 1 + 0 = -y, -4*q = 5*y - 6. Suppose -y*p = 2*s - 4, -s + 18 = p + 4*p. Suppose p*r - 147 = -51. Calculate the greatest common factor of r and 8.
8
Let l(j) = -529*j + 1625. Let b be l(3). Let t = 5 + -3. Calculate the highest common factor of t and b.
2
Suppose -600*k + 21915 = 184*k - 4227 + 5758. Suppose -2*s = 5*y - 3*s - 125, -2*y = -4*s - 32. What is the highest common factor of y and k?
26
Suppose 42*y + 19806 = 23825 + 192373. Calculate the greatest common divisor of 56 and y.
28
Let z = -13517 - -14442. Calculate the highest common divisor of 2 and z.
1
Let x be (-16632)/(-315)*15/9. Calculate the greatest common divisor of x and 242.
22
Let j be ((-34 - -46) + (-84)/10)/((-2)/(-765)). What is the greatest common factor of 119 and j?
17
Let q be (58/(-10) - -6) + (-708)/(-60). Let j(a) = -7 + 1 + 0*a**2 + a + a**2. Let r be j(6). What is the greatest common factor of r and q?
12
Let z(w) = -5*w**3 + 352*w**2 + 233*w + 138. Let a be z(71). What is the greatest common factor of a and 798?
38
Suppose 3*x = 7*x - 120. Let t = -2 + x. Let o = -26 + t. What is the highest common divisor of o and 22?
2
Suppose 38570 = 68*k + 141*k - 19*k. What is the greatest common factor of 6206 and k?
29
Suppose -4*h - 125 = -2*p + 47, 0 = -2*p - 2*h + 124. What is the highest common divisor of 203 and p?
7
Suppose -57*p - 274*p = -29128. What is the highest common factor of p and 8?
8
Suppose 0 = 3*x - 34*x - 12183. Let q = x + 412. What is the greatest common factor of 570 and q?
19
Let f be 1*-1 + (44 - 3). Let k(m) = -1053*m - 6316. Let h be k(-6). What is the highest common factor of h and f?
2
Let g(a) = a**2 + 72*a + 247. Let t 